Suppose 2*h - h - t = 0. What is the greatest common divisor of h and 70?
14
Let u = 9 - -5. Let y = -176 + 253. Calculate the greatest common factor of y and u.
7
Let r be (-133)/(-76) - (2439/(-12) + 5). What is the greatest common factor of r and 8?
8
Let m = 151 + -75. Let x = m + -56. Calculate the highest common divisor of x and 20.
20
Let p(g) = g + 10. Let h be p(-8). Suppose -h*f = -7 + 3. Calculate the highest common factor of f and 3.
1
Suppose -43 = -4*p - 7. Let v(g) be the second derivative of 8*g**3/3 + 5*g**2 + g. Let a be v(p). What is the highest common factor of 14 and a?
14
Suppose 5035 = 91*m + 394. Suppose -16 = -2*p + 5*l, -5*p - l - l = -11. Calculate the greatest common factor of p and m.
3
Let k(t) = t**2 + 12*t - 25. Let r be k(-14). Suppose -4*x - 195 = -5*u, -r*u - 80 = -6*u - 5*x. What is the highest common divisor of 7 and u?
7
Let d(g) = -89*g + 66. Let y be d(-2). What is the greatest common factor of 1830 and y?
122
Let i(f) = f**2 + 6*f - 1. Let t be i(-5). Let v(d) = d**2 + 7*d + 5. Let c be v(t). Let l = 7 + c. Calculate the greatest common divisor of 42 and l.
6
Let w(b) be the third derivative of -7*b**4/8 - 5*b**3/6 + 11*b**2. Let i be w(-5). Calculate the highest common factor of i and 20.
20
Suppose -2*w + 3 = -3*w. Let u = 5 + w. Let p = u + 7. What is the greatest common divisor of p and 81?
9
Suppose 9 = -u + 10, -3*u = x - 43. Calculate the highest common factor of 56 and x.
8
Let s be 224/20*(-5 + 45/6). Calculate the highest common divisor of 812 and s.
28
Let i = 47 - 41. Suppose -w + i*w - 9 = g, -9 = -3*w - 3*g. What is the highest common factor of w and 5?
1
Suppose 12 = -6*s - 0. Let k be (3 + 2 - -13) + s. Calculate the highest common divisor of k and 8.
8
Suppose -4*y + 62 = 4*t + y, -5*y = t - 23. Let v be 4/22 + (-17990)/(-154). Calculate the greatest common divisor of v and t.
13
Suppose -4*v + x - 5 = 0, -3*v + 4*v + 25 = 5*x. Let w be (-1)/2 - 4/(-8). Suppose v = -w*i - 5*i + 60. What is the highest common factor of i and 36?
12
Suppose -4*l + 102 = 2*w, w - 78 = -3*l - w. Suppose -k + l = -38. What is the highest common divisor of 93 and k?
31
Let a = 43 - 23. Let b = a + -7. Calculate the greatest common factor of 13 and b.
13
Let f be (7 - (-3 - -4))/(8/76). What is the greatest common factor of 27 and f?
3
Let a = -162 + 163. What is the greatest common divisor of a and 7?
1
Let m be (6 - 2) + (-588)/(10 + -13). What is the highest common divisor of m and 16?
8
Let c = -115 + 159. Suppose 0 = -2*r - o + 4, -4*r + 19 = -5*o - 17. Suppose -2*s + 37 = s + z, -4*s + c = -r*z. What is the greatest common divisor of 6 and s?
6
Let r = 1 + -1. Suppose -q + 13 = 2*i + 2*q, r = 3*i - 2*q. Let o be (-56)/24*60/(-14). What is the highest common factor of o and i?
2
Let a be 0 - ((-3 - -1) + -3). Suppose -a*t - 12 = -3*g, 3*t + 15 = 6. Let d be (-34 + 14)*g*1. What is the greatest common divisor of d and 5?
5
Let r be 4/(3*4/48). Let u(h) = h**3 + 5*h**2 + 13*h + 41. Let p be u(-3). What is the highest common factor of r and p?
4
Let c(l) = -l + 10. Let n(u) = 8*u**2 + 2*u - 1. Let y be n(1). Let s be c(y). Let q = 29 - s. What is the greatest common factor of q and 112?
28
Suppose 3*k = -3*c + 4*c - 2, -5*c = -4*k - 10. Suppose -b = 2*u + 4, k*b + 14 = 4*b - 2*u. Suppose -m = m - b. What is the highest common factor of 1 and m?
1
Let m be 2/((-58)/(-18) + -3). Suppose 8 = -2*j, r - 39 = -5*j - m. Calculate the greatest common factor of r and 10.
10
Let x(p) = 22*p**2 - 5*p + 7. Let s be x(-2). Let k be 2 - (-3 - (-30)/(-1)). Calculate the greatest common factor of s and k.
35
Let q(r) = -r**3 + 54*r**2 - 52*r - 43. Let g be q(53). Calculate the greatest common divisor of 530 and g.
10
Suppose 3*q + 43 = 2*p - 82, -195 = -3*p + 3*q. Let y(z) = -2*z**3 + 14*z**2 + 20*z - 18. Let d be y(8). What is the greatest common divisor of d and p?
14
Let k be ((-4)/(-6))/((-1)/(-60)). Let f(m) = -4*m**3 + 10*m**2 + 18*m - 4. Let t be f(-2). Calculate the greatest common factor of t and k.
8
Suppose -5*u - 308 = -4*l, 3*l + 17*u = 16*u + 212. Calculate the highest common factor of l and 84.
12
Suppose -2*g - 3*c = -1417, -23*c + 1405 = 2*g - 24*c. What is the highest common factor of g and 110?
22
Suppose -2*p = -11*p + 270. Suppose 50 = -25*s + p*s. Calculate the highest common divisor of 110 and s.
10
Let u = -7 - -100. Calculate the highest common factor of 3 and u.
3
Let a = 524 + -422. Calculate the greatest common factor of 153 and a.
51
Suppose -50 = -8*q + 3*q. Suppose 0*g - q*g = -120. Calculate the greatest common divisor of 12 and g.
12
Let a be 20/(-2 + (2 - 1)). Let m be (-10232)/a - 4/(-10). Suppose 4*k - 626 = 4*v - 82, 4*k + 4*v = m. What is the highest common factor of k and 12?
12
Let f(h) = -168*h - 24. Let u be f(-1). Calculate the highest common factor of u and 32.
16
Let f(y) = -y**2 - 10*y + 12. Let g be f(-12). Let j(v) = -2*v - 17. Let k be j(g). Calculate the highest common factor of 21 and k.
7
Let v be -1 - (2/(-9) - 25208/207). What is the highest common divisor of v and 3872?
121
Let x be (-24)/(-16) + ((-30)/(-4) - -2). Suppose -8*a - 198 = -x*a. Let f be 6/2 - 2 - -5. What is the greatest common factor of f and a?
6
Suppose b + 10 = 2*b + 5*f, -4*b + 2*f = 4. Let o be (1 - b) + 84/6. Calculate the highest common factor of o and 6.
3
Suppose -3*s = -u - 1093, -s = -6*s - 3*u + 1817. Suppose 0 = -5*g + s - 139. Calculate the highest common factor of g and 495.
45
Suppose -2*y = 2*z - 1516, 5*y - 598 - 1680 = -3*z. Calculate the greatest common divisor of z and 168.
84
Suppose 5*u + 298 = n, 4*n + 4*u - 1152 = 88. Let h = n + -204. Suppose 0 = v + v - 26. What is the greatest common divisor of h and v?
13
Let l(k) = 6*k**3 - 127*k**2 + 26*k - 10. Let t be l(21). Calculate the highest common divisor of 190 and t.
95
Let t(d) = 6*d**2 + 2*d + 2. Let l be t(-4). Suppose -7*g + 134 + l = 0. What is the highest common factor of g and 64?
32
Suppose 5*v - 405 = 5*m, -v + 109 - 34 = 5*m. Suppose u = 3*u. Let b be 0 - 0 - u - -16. What is the greatest common divisor of v and b?
16
Let x be (-3)/(-1) + 0 + -6 + 654. Let b = x + -318. Calculate the greatest common factor of b and 37.
37
Suppose -19*d = 36*d - 51150. Calculate the highest common divisor of 30 and d.
30
Suppose -605 = 4*v + v. Let a be (15/(-10))/(3/(-386)). Let c = v + a. Calculate the greatest common divisor of c and 48.
24
Let c(w) = -2*w**3 + 11*w**2 + 5*w + 9. Let z be c(6). Calculate the highest common factor of 273 and z.
3
Let y be -5 + 376/(-16)*(-2)/1. Calculate the highest common factor of y and 21.
21
Let b be (1 - 0)/((-3)/(-18)). Suppose 85*w = 74*w + 33. Calculate the greatest common divisor of b and w.
3
Suppose -2*r + 128 = 4*a, -5*r + 3*a + 247 = -34. What is the highest common factor of r and 145?
29
Let u be 6/(868/(-147) + 6). Calculate the greatest common factor of u and 45.
9
Suppose -6033 = -12*w + 3735. Suppose -4*j = -18 - w. What is the highest common factor of 13 and j?
13
Let t be 10/35 + (-324)/(-42). Calculate the highest common divisor of t and 5.
1
Let v be ((-6)/9)/(16324/5445 + -3). Calculate the greatest common factor of 88 and v.
22
Suppose -13*t + 701 + 339 = 0. Calculate the highest common divisor of t and 20.
20
Suppose 10 + 2 = 2*h. Let l be (-325)/(-35) - -3*14/(-147). What is the greatest common divisor of l and h?
3
Let z(t) = -101*t. Let m be z(1). Let r = 175 + m. Let y be (r - (-1 + 3))/1. Calculate the highest common factor of 18 and y.
18
Let y be -2 - (16/(-4) + 1). Suppose 4*j = y - 13, -j + 21 = 2*m. What is the highest common divisor of m and 4?
4
Let q(a) = a**3 - 3*a**2 - 3*a. Let u be q(4). Suppose -u*k = t - 112, 3*k + t = 3*t + 84. Calculate the greatest common factor of 56 and k.
28
Suppose -53*g + 646 = -19*g. Let m(d) = d**2 - 3*d - 4. Let n be m(4). Suppose n*l - 152 = -l. What is the greatest common divisor of g and l?
19
Let r be 173/7 - (-16)/56. Let j = 43 - r. Suppose -2*p - 19 = -4*l - 47, -p + l + j = 0. What is the highest common divisor of p and 33?
11
Let y be -6*((-93)/(-6) - 4). Let s = y + 75. What is the greatest common divisor of s and 48?
6
Suppose 0 = -q - 5 + 40. Let s be 4 + 2 - (-3)/3. Calculate the highest common divisor of s and q.
7
